e factors of y?
2, 3, 5
Suppose 3445 = 9*b - 3863. List the prime factors of (b/8 + -2)/((-1)/(-2)).
199
Let y = 4576 - 3174. What are the prime factors of y*3/(-8)*24/(-18)?
701
Suppose 42*z - 1734 = -9*z. List the prime factors of (-72)/(-612) - (-43176)/z.
2, 5, 127
Let s(k) be the first derivative of k**4/4 - 2*k**3/3 + k**2 - 2*k + 3. Let b = -457 - -461. List the prime factors of s(b).
2, 19
Suppose 11*l + 44819 = 481805. What are the prime factors of l?
2, 3, 2207
Let c = 5063 + 5025. What are the prime factors of c?
2, 13, 97
Suppose -27*n = -137 + 2108. Let o(y) = y**3 - 4*y - 3. Let b be o(-7). Let x = n - b. List the prime factors of x.
5, 7
Suppose 65*c = 26*c + 10998. Let z = 6 - 3. Suppose -z*g = -s + 151, -322 = -4*s + 5*g + c. What are the prime factors of s?
151
Suppose -3500*p - 219309 = -3505*p - 2*v, 0 = -p - 3*v + 43854. List the prime factors of p.
3, 14621
Suppose -138704 = -15*h + 12406. List the prime factors of h.
2, 3, 23, 73
Suppose 6*j + 388 = 412. Suppose 2*f - 3*z + 1245 = j*f, 5*f = 5*z + 3100. List the prime factors of f.
3, 23
What are the prime factors of 71*274*(-9 - -1 - -11)/6?
71, 137
Suppose 0 = -4*x + 2*x + 3*f + 21, -42 = -2*x - 4*f. Suppose x*a - 1664 = 2*a. List the prime factors of a.
2
Let y = 788 + -344. Suppose 0*s - y = -3*j - 3*s, 5*j - 728 = -2*s. Suppose 12*q + j = 14*q. List the prime factors of q.
2, 3
Let i(o) = -o**3 - 5*o**2 + 4*o - 3. Let x be i(-6). Suppose b + 0*b - x = -y, -2*b + 14 = y. Suppose -b*z + 8 = -4*z. List the prime factors of z.
2
Suppose -5*c + 147 - 654 = -o, 1572 = 3*o + 2*c. Suppose -3*r - m = r - 29, 2*r - 5*m - 9 = 0. Suppose r*g = g + o. What are the prime factors of g?
3, 29
Let x(f) be the first derivative of -4/3*f**3 + 2*f + 25 - 7/4*f**4 - 3/2*f**2. List the prime factors of x(-3).
2, 41
Let h(w) = w**2 + 5*w - 22. Let m be h(-8). Let b(j) = m + 0 + j + 8*j - 4*j. List the prime factors of b(12).
2, 31
Let x = 14 + 24. Let f be (-36)/(-30) + 149/5. Suppose c - f = x. What are the prime factors of c?
3, 23
Suppose h = -c + 59, -4*h = -2*c - 221 + 15. Suppose 0 = 6*i - 156 + h. Suppose 891 = i*n - 44. List the prime factors of n.
5, 11
Let f = -1845 - -3144. What are the prime factors of f?
3, 433
Suppose 5*d + 5*y - 22 = -7, 2*y + 4 = 3*d. What are the prime factors of (-350)/(-5 - (d + -6))?
2, 5, 7
Let t(i) = 3*i**3 + 6*i + 2. Let g be t(6). Suppose 10*w - g = 94. List the prime factors of w.
2, 3, 13
Suppose 135*p + 47023 = 788173. List the prime factors of p.
2, 3, 5, 61
Let v = 212 + -151. Let l = v + -12. List the prime factors of l.
7
Let x(y) = -y**2 + 5*y + 1. Let k be x(2). Suppose -39 = -k*t + 234. Suppose t - 147 = -2*v. List the prime factors of v.
2, 3
Let r(d) = 537*d**2 + 408*d - 4848. What are the prime factors of r(12)?
2, 3, 13, 31
Suppose -4*i + 3*s = -88873, 22225 = 274*i - 273*i - 3*s. List the prime factors of i.
2, 2777
Suppose 2*t - 3 + 23 = 5*a, -16 = -4*t - 4*a. Suppose 3*y + 3 - 81 = t. What are the prime factors of y?
2, 13
Let d = -371 + 197. Let r be 6*5/((-90)/(-183))*4. Let y = r + d. What are the prime factors of y?
2, 5, 7
Let m = -11702 - -18960. What are the prime factors of m?
2, 19, 191
Suppose -k = 2*i - 3225, i + 2*k = 5*i - 6454. Suppose -10*w + i = -727. What are the prime factors of w?
2, 3, 13
Let d be (-56)/(-16) - 2/(-4)*-1. Suppose -4*w = -w - d*h + 3, 2*h = 3*w. List the prime factors of (-7 - -4)*(w - 3) - -237.
2, 3, 5
Let w(o) = -12*o**2 + 58*o + 44. Let n(x) = 4*x**2 - 20*x - 15. Let u(t) = -17*n(t) - 6*w(t). Suppose -4*q - 9 = -q. List the prime factors of u(q).
3, 17
Let h be (-3 - -11)/(-2) - -8. Suppose f + 3*i + 4 = -0, -3*f + h*i = 64. Let l = f - -81. List the prime factors of l.
5, 13
Suppose -172227 = -12*g - 5*g. List the prime factors of g.
3, 11, 307
Suppose -2*n = 3*w - 0*w - 7, -2*n = -3*w + 23. Suppose -570 + 510 = -v. Let q = n + v. List the prime factors of q.
2, 7
Let u(p) = 60*p - 18. Let y be u(11). Suppose -2*h = z - 1123, y = h + 3*z + 93. List the prime factors of h.
2, 3, 47
Let s = -6955 - -12439. What are the prime factors of s?
2, 3, 457
What are the prime factors of (17 + 428349)/17 + 16?
2, 7, 1801
Let g(z) = -2*z + 22. Let f be g(12). Let v be (93/12)/(f/8). What are the prime factors of (-12)/(-3)*(-2 + v/(-4))?
23
Suppose o = -m - 3*o + 4, 3*m = -o + 1. Suppose 13 = -w - 4*k, m*w + 3*w = 4*k + 9. What are the prime factors of (176/10)/(w/(-5))?
2, 11
What are the prime factors of (-14201418)/(-385) + (2/8 - (-1)/(-20))?
36887
Let j(i) = -i**2 + 6*i + 5. Let b be j(0). Suppose -c + 2*z = b*z - 670, 3*z + 670 = c. What are the prime factors of c?
2, 5, 67
Suppose -6285 = -2*p + d - 4*d, 12595 = 4*p + d. What are the prime factors of p?
2, 3, 5, 7
Let g(a) = 3*a + 19. Let s be 18/(-4)*1/6*-4. Let i be g(s). Let v = i + -25. What are the prime factors of v?
3
Let u(n) = -3*n**3 - 14*n**2 - 41*n - 299. What are the prime factors of u(-21)?
22171
Let k be (-1638)/(-2) - -3 - (1 + -2). Let s = -556 + k. What are the prime factors of s?
3, 89
Let k(d) = 3*d - 12. Let i be k(5). Suppose 14 = -i*c + 20. Suppose -3*q = c*x - 291, 2*q + q = -4*x + 285. List the prime factors of q.
3, 11
Let d = 46415 + -16308. What are the prime factors of d?
7, 11, 17, 23
Suppose -4*f - 5*p + 135 = 0, 5*f - 88 = 5*p + 47. Suppose 7*w = f*w - 7521. List the prime factors of w.
3, 109
What are the prime factors of ((-88)/14)/((-43)/((-4173365)/(-10)))?
2, 11, 47, 59
Let q be (-504)/54 + 2/(-3). Let x(w) = -w**3 - 8*w**2 + 21*w + 14. Let p be x(q). Suppose i = -3*n + 107, i - 55 - 87 = -p*n. What are the prime factors of n?
5, 7
Suppose m = 5*l - 14530, 2*m + 14530 = 38*l - 33*l. Suppose 4*n + 4*j - 9*j - l = 0, -j = -2*n + 1456. What are the prime factors of n?
3
Let o = -43 - -47. Suppose 2*z - 5*q - 28 = 0, 18 = -z - o*q + 6. Suppose z*r + 153 = 2*k - 3, 2*k + 3*r - 184 = 0. List the prime factors of k.
2, 43
Let m be ((-12)/(-12))/(-1 - (-224)/222). Let h = -27 - -29. Suppose 7*a = 2*a - h*i + 292, m = 2*a - 5*i. List the prime factors of a.
2, 29
Let l be (-16)/(-10)*100/8. Suppose 15*k + 435 = l*k. Suppose q = 2*q - k. List the prime factors of q.
3, 29
Suppose -s + 2008 = 3*p, 2003 = 3*p + 3*s - 13. Suppose 2*d + 6 = p. What are the prime factors of d?
331
Let c be 1748/4 - (-20)/4. Let z = c + 488. Suppose -78*t + z = -73*t. What are the prime factors of t?
2, 3, 31
What are the prime factors of 74018 + -23 + 8 + 4 + -15?
2, 3, 3083
What are the prime factors of 15024/42 - (-84)/(-49)?
2, 89
List the prime factors of (93198/(-588))/(-2*(-1)/(-92)).
23, 317
Let z(i) be the first derivative of 13*i**5/10 - i**3/6 + i**2/2 + 2*i + 14. Let u(c) be the first derivative of z(c). List the prime factors of u(1).
2, 13
Let r = 15158 - -16094. What are the prime factors of r?
2, 13, 601
What are the prime factors of (6/(-4))/((-1)/(-55)*(-540)/150408)?
11, 2089
Suppose 7*a - 2*a + 75 = 0. Let f = a + 40. List the prime factors of ((-30)/f)/((-2)/15).
3
Let v be -4 - (-10 - (-3 - -1)). Suppose -v*l - 2*d + 1278 = l, 0 = -2*l + 4*d + 516. What are the prime factors of l?
2
Let s(w) = 15*w**2 - w - 2. Let k = 16 + -12. Suppose 3*a + 13 = k*f, 1 = -4*a - 2*f - 9. List the prime factors of s(a).
2, 17
Suppose 3*q = 5*r + 176, -r - 191 = 4*r + 2*q. Suppose -264 = 3*p + 3*y, -4*p - 81*y = -80*y + 352. Let m = r - p. List the prime factors of m.
3, 17
Suppose -4*z + 34 = 2*b, 0 = 3*z - z - 10. Let p(r) = 3 + 9 + 8*r + b + r**2. List the prime factors of p(-12).
67
Let c be 1805 + ((-6)/(-10) - 7/(-5)). List the prime factors of ((-4 - -6) + c)/1.
3, 67
Let i = -23 - -55. Suppose 215 = i*h - 31*h. Suppose -8*o + h + 409 = 0. What are the prime factors of o?
2, 3, 13
Let o(z) = 76*z**3 + 5*z**2 - 48*z + 9. What are the prime factors of o(6)?
3, 7, 37
Let q = -1976 + 3081. What are the prime factors of q?
5, 13, 17
Let a = 163 + -165. Let v(h) = -249*h + 11. List the prime factors of v(a).
509
Suppose -9*n - 9454 = -3280. Let s = n + 992. List the prime factors of s.
2, 3, 17
Let y(j) = -2*j**3 + 2*j + 1. Let p be ((-16)/(-20))/1*-5. Let v be y(p). Let t = v - 48. List the prime factors of t.
73
Suppose 5*v + t + 4 = 0, 3*t + 0*t = -4*v - 1. What are the prime factors of ((v + -2)/3)/(13/(-6357))?
3, 163
Let s(y) = 